
11
Suppose 5*s + 0*a + 20 = a, 0 = -5*s - 5*a - 20. Let u = 9 + s. Suppose u*c = 1 + 59. List the prime factors of c.
2, 3
Suppose 0 = 4*o + 35 - 179. Let w = o + -21. List the prime factors of 10/4*12/w.
2
Let v = 5 + 3. What are the prime factors of (-84)/16*v/(-2)?
3, 7
Let t = -7 + 6. What are the prime factors of (2 - 1) + (-7)/t?
2
Let y be (0 - 15/9)*-3. Suppose -y*p = u - 56, u = -4*p + 37 + 8. List the prime factors of p.
11
Suppose 5*m - 70 = -0*m. Let k = m - 8. List the prime factors of k.
2, 3
Suppose 2*v = 4*r - 6, 4*r - 2*r + 1 = 5*v. Suppose 4 - r = t. Suppose -t*w + 15 = p, -2*p - 5*w - 5 = -39. List the prime factors of p.
7
Suppose 0*h - 40 = -4*h. Let z = h - -2. Suppose b = -4 + z. What are the prime factors of b?
2
Let s be (-44)/(-6) + (-10)/30. Suppose 17 = -k - 11. What are the prime factors of (-512)/k + (-2)/s?
2, 3
Suppose 3*v - 7 = 4*z + 12, 3*v = -2*z + 13. List the prime factors of 8 + -6 - (z - -1).
2
Let k(c) = -3*c - 1. Let i be k(7). Let y = i - -39. What are the prime factors of y?
17
Suppose 0 = -3*r - 2*r + 15. What are the prime factors of 27/r + 3/(-3)?
2
Suppose -10 = -2*a + 2*y, 4*a + 0 = -5*y - 7. Let u(s) = 2*s**2 - s + 3. What are the prime factors of u(a)?
3
Let j be -5*(-1 + 2)*1. Let d(s) = -s + 1. Let m be d(-9). What are the prime factors of 6/m - 17/j?
2
Let b be -2 + 2 + 1 + 1. Let s be (-1 + 2)*(b - 2). Suppose z - 16 = -3*z, s = -5*n + 2*z + 17. List the prime factors of n.
5
Let t(g) = g**3 + 4*g**2 - 6*g + 1. Let r(h) = 2*h + 5. Let k be r(-5). List the prime factors of t(k).
2, 3
Suppose 2*j = -2*g + 6, -j = -3*g - 1 - 2. List the prime factors of 1*(g + 3 + 3).
2, 3
Let o(k) = 2*k**2 - 9*k + 8. Let g be o(7). List the prime factors of g - ((-4)/(-4) - -2).
2, 5
Suppose 4*j - 95 = -3*n, n - j + 164 = 6*n. Suppose t - n = -2*t. What are the prime factors of t?
11
Let k(z) = -8*z + 5. What are the prime factors of k(-4)?
37
Suppose 0 = 2*v + 2*q - 7*q - 159, -v - 2*q + 84 = 0. What are the prime factors of v?
2, 41
Let m(h) = h**3 - h**2 - 3*h + 3. Let t be m(2). Let r = 3 - t. Suppose 18 + 6 = r*n. List the prime factors of n.
2, 3
Suppose 3*v = -5*v + 448. What are the prime factors of v?
2, 7
Let p = 73 + -55. What are the prime factors of p?
2, 3
Let o be 6/(-3) + (1 - -2). Let j = 3 + o. List the prime factors of j.
2
Suppose -2*p + 19 = -5*s, 5*p + 9 - 64 = 5*s. Let t = -5 + p. What are the prime factors of t?
7
Let c be 0 + 1/(-2)*0. Suppose -m + 3 = -c*m. Suppose 35 = 3*x - 4*r, -m*x - 4*r - r + 17 = 0. List the prime factors of x.
3
Let m(u) = 44*u**3 + 2*u**2 + u. Let k(w) = 44*w**3 + 2*w**2 + w. Let y(i) = 4*k(i) - 5*m(i). List the prime factors of y(-1).
43
List the prime factors of (1 - 2)*6*-15.
2, 3, 5
Suppose 3 = 4*l - 5*l. Let x be l/4*(-34 + 2). Suppose 5*t - 3*b = x, -16 - 2 = -4*t + 3*b. What are the prime factors of t?
2, 3
Suppose 3*c = 9, 5*c = q + 5 + 6. Suppose 4*l - 2*i - i - 65 = 0, -q*i = 2*l - 38. List the prime factors of l.
17
Let a(j) = 2*j**3 - 5*j**2 - 3*j + 6. Let z be a(4). Let u = 261 + -149. Suppose -f - u = -5*l - 3*f, -2*l + z = -2*f. List the prime factors of l.
2, 11
Let i(c) = 3*c - 1. Let v be (6/(-9))/((-2)/3). Let y be i(v). Suppose -y*h + 15 - 41 = -5*f, 3*f = 5*h + 8. What are the prime factors of f?
2, 3
List the prime factors of ((-3)/2)/(0 - (-3)/(-6)).
3
Let t = -32 + 64. List the prime factors of t.
2
Let o(g) = 3*g - 4. Let i be o(4). Let a be (-4)/i - (-5)/2. Suppose 3*j = a*d - 0*d + 18, 11 = j + d. What are the prime factors of j?
2
Suppose 0 = d - z - 9, -3*z = -4*z - 3. Suppose 11*i - d*i - 50 = 0. What are the prime factors of i?
2, 5
Let t(s) = -83*s + 32. What are the prime factors of t(-2)?
2, 3, 11
Suppose -2*g + 0*g = 3*z - 23, 0 = 3*g - 3. Suppose -4*s + z*s - 126 = 0. List the prime factors of s.
2, 3, 7
Let x be (-6)/(-15) - (-52)/20. Let v = 6 + x. List the prime factors of v.
3
Suppose -5*i + 3 = 2*l, i + 3*l = -0*i + 11. What are the prime factors of 3 + 20 + (-2 - i)?
2, 11
Suppose -3*t - 5*l + 54 = 0, 0 = 4*t - l - 110 + 38. Let w be t/2*(-20)/(-3). Suppose -w = -2*g - 2*g. What are the prime factors of g?
3, 5
Suppose -c + 24 - 3 = 0. Suppose 4*g - 203 = c. List the prime factors of g.
2, 7
Let w = 22 - 17. What are the prime factors of w?
5
Let l(g) = -11*g**2 + 3*g**3 - 15 + 5*g - 3*g - g**3 - g**3. What are the prime factors of l(11)?
7
Let g(t) = -10*t. Let z(m) = -2*m. Suppose -2*o - 2 = 2, 0 = -5*u - o - 12. Let d(w) = u*g(w) + 9*z(w). List the prime factors of d(8).
2
Let y be (-282)/22 - (-12)/(-66). Suppose -2*l + n - 47 = 0, -3*n + 25 = -l - n. Let p = y - l. List the prime factors of p.
2, 5
Let h(a) = -51*a**3 - 60*a**3 + 6 - 7. Let t be h(-1). Suppose 5*r = -3*s + 79, -2*r - 2*r + t = 5*s. List the prime factors of s.
2, 3
Let o be ((-2)/(-1) - -1)*-2. Suppose 0 = -3*g + 4*t + 24, 9 = 2*g + t - 7. Let k = g + o. List the prime factors of k.
2
Let f(n) = 0 - n**2 + 7*n + n**3 + 1 - 3 - 6*n. Let b be f(2). What are the prime factors of 35/b - (-7)/28?
3
Let m = 9 + 20. What are the prime factors of m?
29
Let b = 81 + 42. What are the prime factors of b?
3, 41
Let a = -5 - -7. Suppose 2*x + a*x = 40. What are the prime factors of x?
2, 5
Suppose -16 = -7*x + 3*x. Suppose -x = 4*a, 2*a - 3 = c - 2*c. List the prime factors of (c/3)/((-3)/(-9)).
5
Let w(b) = -6*b + 44. Let h(t) = -t + 9. Let r(c) = -16*h(c) + 3*w(c). What are the prime factors of r(-8)?
2
Let r = 12 - 10. What are the prime factors of r?
2
Let o be 8/(-12)*18/(-4). Suppose o*f = -3*n, 3*n + 30 = 4*f - f. Suppose -y + p = -10, 4*y = y + f*p + 32. List the prime factors of y.
3
Let r = 5 + -7. Let q be 1*(-3)/((-3)/5). Let y = r + q. What are the prime factors of y?
3
Suppose c + 650 = 4*k, 4*c = -2*k + 4*k - 318. What are the prime factors of k?
163
Let i be (-2)/8 - (-29)/4. Suppose 3*a - i = 5*g + 3, -5*g = a + 30. Let j = a - -11. List the prime factors of j.
2, 3
Let k = -7 - -10. Suppose -k*t + 15 = -18. What are the prime factors of t?
11
Suppose -9 = -b + 2. List the prime factors of b.
11
Let j(v) = v**3 + 7*v**2 + 4*v - 7. Let h be j(-6). Suppose -3*o = -2*i - 2, 0*o + 26 = -4*i - h*o. List the prime factors of i/14 + 60/14.
2
Let w(x) = 2*x**2 - 13*x + 14. What are the prime factors of w(6)?
2
Let m = 32 + -11. Let i = 6 + m. List the prime factors of i.
3
Let f(r) = r. Let s be f(1). Let t be 4 + (-3 - 2) + 3. Suppose -4*w = 5*j - 46, s - t = -w + 4*j. What are the prime factors of w?
3
Let a(r) = -r**3 - 5*r**2 + 2*r - 6. Let d be a(-5). List the prime factors of (d/(-10))/((-1)/(-15)).
2, 3
Let f = 10 - 13. What are the prime factors of ((-10)/f)/((-5)/(-15))?
2, 5
Suppose -2*r + 550 = 9*r. What are the prime factors of r?
2, 5
Let y(s) = -17*s**3 - s**2 - s. List the prime factors of y(-1).
17
Let c = 113 + -53. List the prime factors of c.
2, 3, 5
Suppose -b - 16 = 3*b. Let i = b + 6. Suppose -2*r - 50 = -7*r + 5*p, -r = p - i. What are the prime factors of r?
2, 3
Let c = -6 + 15. Let a be -2 - c/(-3) - -2. Suppose 0 = -5*r, -5*i - 2*r + 10 = -a*i. List the prime factors of i.
5
Let q = 556 - 358. What are the prime factors of q?
2, 3, 11
Let z = 1 - 0. Suppose 2*o - 3 = z. List the prime factors of 2/((-2)/(-3)) + o.
5
Let r(a) = 4*a - 1. Let d be r(1). Suppose d*w - s + 16 = 0, 4 = -2*w + 2*s - 12. Let g(x) = -x**3 - 3*x**2 + x - 2. List the prime factors of g(w).
2, 5
Let j(l) = -l**3 - 7*l**2 - 6*l + 4. Let a(p) = -p**3 - 4*p**2 - 3*p + 2. Let z(g) = -11*a(g) + 6*j(g). What are the prime factors of z(1)?
2, 3
Suppose -2*h = -5*f + 40, 3*h = -4*f + h + 32. Suppose z = 4*p + 29, 3*z = f*z - p - 221. List the prime factors of z.
3, 5
Let t(a) = -3*a**3 + 2*a + 1. Let g be t(-1). Suppose -2*k + 50 - 167 = -3*c, 78 = 2*c - g*k. What are the prime factors of c?
3, 13
Suppose -2 - 4 = -2*i. Suppose 45 = 4*o - 5*c, -o + 4*c = -0*o - i. List the prime factors of o.
3, 5
Let g = 32 - 17. What are the prime factors of g?
3, 5
Suppose -6 = -3*a - 0. Suppose -4*i = 5*x - a, -3*i = i + 2*x - 8. What are the prime factors of (-68)/(-12) - (-1)/i?
2, 3
Let q be 14/(-1*-1*2). Suppose 2*b - 12 = -3*v, -2*b - 16 = -q*v + 3*v. Suppose 4*j - 12 - 28 = b. List the prime factors of j.
2, 5
Suppose -10*r - 296 + 2656 = 0. List the prime fact